{"id":163,"date":"2015-10-20T11:23:46","date_gmt":"2015-10-20T09:23:46","guid":{"rendered":"http:\/\/www.pflanzerhof.it\/it\/?page_id=163"},"modified":"2025-11-02T16:41:23","modified_gmt":"2025-11-02T15:41:23","slug":"prezzi","status":"publish","type":"page","link":"https:\/\/www.pflanzerhof.it\/it\/prezzi\/","title":{"rendered":"I nostri prezzi 2025-2026"},"content":{"rendered":"<table id=\"preise\" cellpadding=\"0\">\n<tbody>\n<tr>\n<td class=\"small\" colspan=\"4\">I nostri appartamenti feriali<\/td>\n<\/tr>\n<tr>\n<td class=\"thead\"><a class=\"fancybox\" href=\"http:\/\/www.pflanzerhof.it\/wp-content\/themes\/pflanzerhof\/images\/app-skizze-feigenbaum-big.gif\">Fico<\/a><\/td>\n<td>45 m\u00b2<\/td>\n<td>2-4 persone<\/td>\n<td>80 a 97 \u20ac<\/td>\n<\/tr>\n<tr>\n<td class=\"thead\"><a class=\"fancybox\" href=\"http:\/\/www.pflanzerhof.it\/wp-content\/themes\/pflanzerhof\/images\/app-skizze-olivenbaum-big.gif\">Olivo<\/a><\/td>\n<td>56 m\u00b2<\/td>\n<td>4-5 persone<\/td>\n<td>90 a 107 \u20ac<\/td>\n<\/tr>\n<tr>\n<td class=\"small\" colspan=\"4\">Bambino gratis fino al 5\u00b0 compleanno<\/td>\n<\/tr>\n<\/tbody>\n<\/table>\n<h2>Per saperne di pi\u00f9:<\/h2>\n<ul class=\"goodtoknow\">\n<li>I prezzi sono per notte per 2 persone, tassa di soggiorno \/ imposta locale 2,10 euro per persona e giorno, bambini e adolescenti sotto i 14 anni sono esenti per ogni persona aggiuntiva saranno addebitati altri 12 euro<\/li>\n<li>Tutta la biancheria (lenzuoli, asciugamani \u2026) \u00e8 disponibile e verr\u00e0 sostituita a base alle esigenze. Culla e seggiolone per i pi\u00f9 piccoli sono anche disponibili.<\/li>\n<li>Noleggio di bastoni da escursione e zaini presso il nostro maso<\/li>\n<li>Servizio pane fresco \u00e8 offerto su richiesta. Prodotti propri del nostro maso, come succo di mele fatto in casa o frutta del nostro frutteto, verdure e erbe del nostro giardino sono disponibili a seconda della stagione su richiesta.<\/li>\n<li>Servizio di trasporto (raccolta o consegno) da stazione ferroviaria o autobus a richiesta.<\/li>\n<li>Il giorno di arrivo\u00a0gli appartamenti sono disponibili dalle ore 16.00.\u00a0Il giorno di partenza Vi preghiamo\u00a0<span class=\"st\">gentilmente <em>di liberarli<\/em><\/span> entro le ore 10.00.<\/li>\n<li>Domenica \u00e8 il nostro giorno di famiglia, quindi preghiamo di scusare il fatto che domenica gli appartamenti sono disponibili solo dalle ore 18.<\/li>\n<li>La prenotazione dell\u2019appartamento \u00e8 valida solo dopo il ricevimento della caparra. <span id=\"result_box\" class=\"\" lang=\"it\"><span class=\"\">In caso di mancato arrivo, la caparra verr\u00e0 trattenuta.<\/span><\/span><\/li>\n<li>Cani ammessi su richiesta (10 \u20ac al giorno)<\/li>\n<li>Volete conoscere meglio il nostro maso? Avvisateci e Vi accompagneremo in una visita guidata alla nostra azienda agricola.<\/li>\n<\/ul>\n","protected":false},"excerpt":{"rendered":"<p>I nostri appartamenti feriali Fico 45 m\u00b2 2-4 persone 80 a 97 \u20ac Olivo 56 m\u00b2 4-5 persone 90 a 107 \u20ac Bambino gratis fino al 5\u00b0 compleanno Per saperne di pi\u00f9: I prezzi sono per notte per 2 persone, tassa di soggiorno \/ imposta locale 2,10 euro per persona e giorno, bambini e adolescenti [&hellip;]<\/p>\n","protected":false},"author":1,"featured_media":0,"parent":0,"menu_order":0,"comment_status":"closed","ping_status":"closed","template":"","meta":{"footnotes":""},"class_list":["post-163","page","type-page","status-publish","hentry"],"_links":{"self":[{"href":"https:\/\/www.pflanzerhof.it\/it\/wp-json\/wp\/v2\/pages\/163","targetHints":{"allow":["GET"]}}],"collection":[{"href":"https:\/\/www.pflanzerhof.it\/it\/wp-json\/wp\/v2\/pages"}],"about":[{"href":"https:\/\/www.pflanzerhof.it\/it\/wp-json\/wp\/v2\/types\/page"}],"author":[{"embeddable":true,"href":"https:\/\/www.pflanzerhof.it\/it\/wp-json\/wp\/v2\/users\/1"}],"replies":[{"embeddable":true,"href":"https:\/\/www.pflanzerhof.it\/it\/wp-json\/wp\/v2\/comments?post=163"}],"version-history":[{"count":0,"href":"https:\/\/www.pflanzerhof.it\/it\/wp-json\/wp\/v2\/pages\/163\/revisions"}],"wp:attachment":[{"href":"https:\/\/www.pflanzerhof.it\/it\/wp-json\/wp\/v2\/media?parent=163"}],"curies":[{"name":"wp","href":"https:\/\/api.w.org\/{rel}","templated":true}]}}

<table id="preise" cellpadding="0">
<tbody>
<tr>
<td class="small" colspan="4">I nostri appartamenti feriali</td>
</tr>
<tr>
<td class="thead"><a class="fancybox" href="http://www.pflanzerhof.it/wp-content/themes/pflanzerhof/images/app-skizze-feigenbaum-big.gif">Fico</a></td>
<td>45 m²</td>
<td>2-4 persone</td>
<td>80 a 97 €</td>
</tr>
<tr>
<td class="thead"><a class="fancybox" href="http://www.pflanzerhof.it/wp-content/themes/pflanzerhof/images/app-skizze-olivenbaum-big.gif">Olivo</a></td>
<td>56 m²</td>
<td>4-5 persone</td>
<td>90 a 107 €</td>
</tr>
<tr>
<td class="small" colspan="4">Bambino gratis fino al 5° compleanno</td>
</tr>
</tbody>
</table>
<h2>Per saperne di più:</h2>
<ul class="goodtoknow">
<li>I prezzi sono per notte per 2 persone, tassa di soggiorno / imposta locale 2,10 euro per persona e giorno, bambini e adolescenti sotto i 14 anni sono esenti per ogni persona aggiuntiva saranno addebitati altri 12 euro</li>
<li>Tutta la biancheria (lenzuoli, asciugamani …) è disponibile e verrà sostituita a base alle esigenze. Culla e seggiolone per i più piccoli sono anche disponibili.</li>
<li>Noleggio di bastoni da escursione e zaini presso il nostro maso</li>
<li>Servizio pane fresco è offerto su richiesta. Prodotti propri del nostro maso, come succo di mele fatto in casa o frutta del nostro frutteto, verdure e erbe del nostro giardino sono disponibili a seconda della stagione su richiesta.</li>
<li>Servizio di trasporto (raccolta o consegno) da stazione ferroviaria o autobus a richiesta.</li>
<li>Il giorno di arrivo gli appartamenti sono disponibili dalle ore 16.00. Il giorno di partenza Vi preghiamo <span class="st">gentilmente <em>di liberarli</em></span> entro le ore 10.00.</li>
<li>Domenica è il nostro giorno di famiglia, quindi preghiamo di scusare il fatto che domenica gli appartamenti sono disponibili solo dalle ore 18.</li>
<li>La prenotazione dell’appartamento è valida solo dopo il ricevimento della caparra. <span id="result_box" class="" lang="it"><span class="">In caso di mancato arrivo, la caparra verrà trattenuta.</span></span></li>
<li>Cani ammessi su richiesta (10 € al giorno)</li>
<li>Volete conoscere meglio il nostro maso? Avvisateci e Vi accompagneremo in una visita guidata alla nostra azienda agricola.</li>
</ul>

<p>I nostri appartamenti feriali Fico 45 m² 2-4 persone 80 a 97 € Olivo 56 m² 4-5 persone 90 a 107 € Bambino gratis fino al 5° compleanno Per saperne di più: I prezzi sono per notte per 2 persone, tassa di soggiorno / imposta locale 2,10 euro per persona e giorno, bambini e adolescenti [&hellip;]</p>
